))/((-1)/(-13))?
1
Let i be 2 - (2220/18)/(4/(-6)). Let l = i - 182. Suppose 13*x - 8*x = 140. What is the remainder when x is divided by l?
3
Let u = 7263 - 7250. Calculate the remainder when 7363 is divided by u.
5
Let g be 4/((-115)/23 - (-7)/1). Suppose 6*p = g*p + 160. Calculate the remainder when 93 is divided by p.
13
Let v(b) = -9*b + 81. Let j(p) = 4*p - 40. Let t(i) = -13*j(i) - 6*v(i). Calculate the remainder when t(14) is divided by 18.
8
Suppose -427 = -5*t - 4*g, t - 6*t - g + 418 = 0. Let u = -157 + t. Let p = u + 82. What is the remainder when 20 is divided by p?
4
Let t be (-835)/25 - (-6)/15. What is the remainder when (-12)/(-3)*162/8 is divided by -3 - (8/4 + t)?
25
Let q = -4420 - -4467. What is the remainder when 520 is divided by q?
3
Let l be 5 - (-2 - (-1 + 1)). Let u be -2 + 269 + 0/(-9). Suppose 90 = l*q - u. What is the remainder when 99 is divided by q?
48
Let v = 31 + -29. Let c(o) = 6*o**2 + 0*o**3 - o**3 - v*o + 4*o**2 - 4*o**2 - 3. What is the remainder when c(4) is divided by 11?
10
Let d = 44544 - 44486. Let n(v) = -v**3 + 6*v**2 - 2*v - 5. Calculate the remainder when d is divided by n(4).
1
Suppose -3*l = k - 37 + 2, -2*k = 8. What is the remainder when 76 is divided by l?
11
Let r = -4144 + 4525. What is the remainder when r is divided by 193?
188
Let t = -545 + 837. Suppose 81*u - 1939 - 2030 = 0. Calculate the remainder when t is divided by u.
47
Suppose -17*r + 8*r - 126 = 0. Let g(m) = -7*m - 83. Suppose p = 13 + 12. What is the remainder when p is divided by g(r)?
10
Suppose -3*f + 113 = r, -200 = -60*f + 55*f - 4*r. Calculate the remainder when 159 is divided by f.
15
Let s = 3400 + -2688. Calculate the remainder when s is divided by 355.
2
Let l(q) = -q + 90. Suppose -4*o = 12, 4*o = -3*h + 7*o + 9. What is the remainder when l(h) is divided by 16?
10
Suppose -178 = -4*y + 14. Let o be 35 + (3 - 2) + 8. Suppose 65*k = o*k + 609. What is the remainder when y is divided by k?
19
Let z(g) = g**3 + 6*g**2 - 6*g - 3. What is the remainder when z(-6) is divided by (21 - 3)*1/2?
6
Suppose 88*r + 7371 - 22115 = 16936. What is the remainder when r is divided by 112?
24
Suppose a - 13 = -3*j, 3*a = -3*j + 2 + 1. Suppose -j*b = -4*x - 3*b - 197, 0 = -b - 1. Let h = 57 + x. Calculate the remainder when 12 is divided by h.
5
Let p = 5639 - 5531. Let x(w) = w**2 - w - 17. What is the remainder when p is divided by x(9)?
53
Let a = -132 + 135. Suppose 5*g + 3*x - 78 = 0, 4*g = -0*x + a*x + 84. Calculate the remainder when 20 is divided by g.
2
Let q(t) = 5*t**3 - t**2 - 5*t + 7. Let d be q(2). Let s(j) = j**3 - 36*j**2 + 102*j - 13. What is the remainder when s(d) is divided by 11?
9
Suppose 43*u + 70 = 50*u. Suppose -f = -u*z + 8*z + 94, -4*z + 200 = 4*f. What is the remainder when 138 is divided by z?
42
Let q = -7235 + 7932. Calculate the remainder when q is divided by 38.
13
Suppose 0 = 68*n + 6373 - 26909. What is the remainder when n is divided by 45?
32
Let d = -2550 - -3923. What is the remainder when d is divided by 26?
21
Calculate the remainder when 2/37 + (-3262320)/(-7659) is divided by 83.
11
Let u(z) = -3*z**3 - 3*z**2 - 6*z - 9. Let m be u(-2). What is the remainder when m/3 + 226/2 is divided by 17?
16
Let m = 1090 + -538. Let y = m + -544. What is the remainder when 525 is divided by y?
5
Let z = -290 + 302. Suppose 0 = 2*g - 38 + z. Calculate the remainder when g is divided by 10.
3
Suppose 297 = 2*w - 5*f, -28*w = -30*w - 11*f + 377. Calculate the remainder when 9174 is divided by w.
158
Suppose 5*t - 4*g - 22463 = 0, -4*t - 2*g = -7*g - 17956. Calculate the remainder when t is divided by 60.
59
Suppose 52*i + 4172 = 300*i + 204. Calculate the remainder when 1500 is divided by i.
12
Let h(q) = q**2 - 59*q + 617. What is the remainder when h(11) is divided by 68?
21
Calculate the remainder when 555 is divided by 56*(576/(-168) + (1 - -3)).
11
Suppose 33*g - 11607 = 236*g - 37388. What is the remainder when 450 is divided by g?
69
Suppose 0 = -3*k - 4*p - 762 + 2020, 4*p = 4. Suppose 0 = -19*g + 38 + k. Suppose 5*l + 15 = -0*l, 61 = a + 3*l. Calculate the remainder when a is divided by g.
22
Let i = 10940 + -10823. What is the remainder when i is divided by 25?
17
Let j be ((-203)/14 + 5)*(-8)/4. Let v = j - -33. Let m(h) = h + 5. What is the remainder when v is divided by m(6)?
8
Suppose 4*p - 262 = -3*i, 2*i - 2*p - 136 = 62. Calculate the remainder when i is divided by (5 + 1)*323/51.
18
Let v(c) = -2*c**2 - 124*c - 240. Calculate the remainder when v(-59) is divided by 26.
10
Let l(h) = -1856*h - 227. What is the remainder when l(-1) is divided by 34?
31
Suppose -3*w = -106 - 29. Let r be 5*3/w*(917 - 2). Suppose 2*u + r = 5*i, i + u = -u + 73. What is the remainder when i is divided by 11?
8
Let d(v) = 102*v**2 - 104*v + 106. What is the remainder when d(1) is divided by (2/6)/((-1)/(-111))?
30
Suppose -3*k - 5*r + 44 = 0, 28 = -49*k + 54*k - 3*r. Suppose 2*v = 42 + 146. Calculate the remainder when v is divided by k.
6
Let z be 2/6 - (-2)/(-6). Let l(b) = 8*b**2 + 31*b + 63. Calculate the remainder when (96 - 0) + z + 0 is divided by l(-2).
30
Let f = 128 + -80. Calculate the remainder when (53 + (-40845)/420)/(2/((-16)/3)) is divided by f.
22
Suppose 32852 = 145*h - 12823. What is the remainder when h is divided by 107?
101
Let o = 998 - 898. Calculate the remainder when ((-108)/60)/((-6)/1660) is divided by o.
98
Let f(l) = l**3 - 15*l**2 - 34*l + 44. Calculate the remainder when 3 + 4/(-4) + 165 is divided by f(17).
35
Let h = 9965 - 9761. Calculate the remainder when 1432 is divided by h.
4
Let f(q) = -70*q + 56. Calculate the remainder when 837 is divided by f(0).
53
Suppose -2*b + 46 = -3*p - 1338, -p = 0. What is the remainder when b is divided by 64?
52
Suppose 4428 = 75*f + 33*f. What is the remainder when 404 is divided by f?
35
Let j(w) = -52*w**2 - 30*w - 11. Let b be j(-3). Let n = 402 + b. Calculate the remainder when n is divided by 5.
3
Suppose 419812 = 88*s - 231824 + 13988. Calculate the remainder when s is divided by 10.
6
Suppose 4*j + 8*x - 11*x - 25 = 0, -4*j - 5*x + 1 = 0. Suppose -g + j*g + v = 131, -3*v + 15 = 0. What is the remainder when g is divided by 15?
12
Let w(x) = -3*x. Let g(o) = -18*o + 174. Let j be g(-12). Suppose 18 = j*q - 387*q. Calculate the remainder when q is divided by w(-2).
0
Suppose -12*t - 11 = -3*m - 14*t, 2*m = -2*t + 6. Suppose -s + m*l + 51 = 0, -3*l + 112 = 5*s - s. What is the remainder when s is divided by 24?
7
Suppose -3*l + z = -26, -2*l + z + 3*z + 4 = 0. Let a = -419 - -263. What is the remainder when (-3030)/(-78) - (-8)/a*-3 is divided by l?
9
What is the remainder when 1637 is divided by ((-810)/108)/((36/(-32))/3)?
17
Suppose 9*w = -5*w - 1246. What is the remainder when 1 - w - (9 + (5 - 9)) is divided by 11?
8
Suppose -39 - 428 = -55*g + 138. Calculate the remainder when 5234 is divided by g.
9
Let j(w) = -73*w**2 - 1402*w - 22. Calculate the remainder when 2107 is divided by j(-19).
3
What is the remainder when 351 is divided by 8/(-3)*675/(-90)?
11
Let u = 777 + -751. What is the remainder when 329 is divided by u?
17
Let k = 83 - 87. Calculate the remainder when k/(-14) + (-6368)/(-56) is divided by 30.
24
Let z(v) = 317*v**2 - 85*v - 170. What is the remainder when z(-2) is divided by 127?
125
Suppose 4*i + u - 977 = 0, -4*i = -5*u + 7*u - 982. Let v(k) = 3050*k + 30562. Calculate the remainder when i is divided by v(-10).
57
Let s(m) = 3*m**2 + 28*m + 22. Let k(l) = 16*l**2 + 142*l + 110. Let u(i) = 2*k(i) - 11*s(i). Calculate the remainder when 151 is divided by u(-21).
28
Suppose 2*p = -y + 264, -4*y + 1046 = -0*p - 2*p. Suppose 4*d = y - 10. What is the remainder when 14/d + 529/9 is divided by 20?
19
Let k(y) = y**3 + 12*y**2 + 20*y - 28. Let s be k(-8). Suppose -62*h + 490 + s = 0. Calculate the remainder when 294 is divided by h.
6
Let b = -42 - -51. Suppose b*a = 74 + 367. Calculate the remainder when 244 is divided by a.
48
Calculate the remainder when 211 is divided by 183/9 + 117/(-351).
11
Let k(n) = 203*n**3 - 4*n**2 + 6*n - 1. What is the remainder when k(1) is divided by 183?
21
Let z(j) = 78*j + 64. Let a be z(3). Suppose -b = -4*h + a, 153 = 2*h - 4*b + 11. Calculate the remainder when h is divided 